{"id":2656,"date":"2022-07-25T11:51:22","date_gmt":"2022-07-25T09:51:22","guid":{"rendered":"https:\/\/leonardoschool.sellision.dev\/elblag\/?page_id=2656"},"modified":"2022-07-25T11:51:24","modified_gmt":"2022-07-25T09:51:24","slug":"warsztaty-jezykowe","status":"publish","type":"page","link":"https:\/\/leonardoschool.pl\/elblag\/warsztaty-jezykowe\/","title":{"rendered":"Warsztaty j\u0119zykowe"},"content":{"rendered":"\n<h2><strong>Warsztaty tematyczne dla dzieci z Leonardo School w Elbl\u0105gu<\/strong><\/h2>\n\n\n\n<p>Nie masz pomys\u0142u, jak zorganizowa\u0107 wolny czas Twojego dziecka? Wakacje nie musz\u0105 by\u0107 nudne i bezproduktywne! W Leonardo School w Elbl\u0105gu zadbamy o to, \u017ceby okres bez zaj\u0119\u0107 szkolnych min\u0105\u0142 efektywnie, przyjemnie i przyni\u00f3s\u0142 warto\u015bciowe umiej\u0119tno\u015bci! Zapraszamy na warsztaty letnie i zimowe, podczas kt\u00f3rych dzieci sp\u0119dzaj\u0105 inspiruj\u0105ce chwile w gronie r\u00f3wie\u015bnik\u00f3w, \u0142\u0105cz\u0105 nauk\u0119 z zabaw\u0105 oraz kreatywno\u015bci\u0105! Sprawd\u017a, dlaczego warto zapisa\u0107 swoj\u0105 pociech\u0119 w\u0142a\u015bnie do nas.<\/p>\n\n\n\n<h3><strong>Wakacyjne zaj\u0119cia dla dzieci w Elbl\u0105gu \u2013 zobacz, dlaczego to \u015bwietny pomys\u0142!<\/strong><\/h3>\n\n\n\n<p>Czas wolny od lekcji szkolnych to okres, gdy dzieci \u2013 cho\u0107 w wi\u0119kszo\u015bci zadowolone z braku obowi\u0105zk\u00f3w i mo\u017cliwo\u015bci samodzielnego dysponowania swoim planem dnia \u2013 mog\u0105 narzeka\u0107 na nud\u0119. Wiele z nich potrzebuje zorganizowanych zaj\u0119\u0107, a w tej roli \u015bwietnie sprawdzaj\u0105 si\u0119 warsztaty tematyczne w Leonardo School w Elbl\u0105gu. To spos\u00f3b na praktyczne i warto\u015bciowe zagospodarowanie czasu owocuj\u0105ce efektywn\u0105 nauk\u0105, rozwojem nowych zainteresowa\u0144 oraz nawi\u0105zaniem ciekawych znajomo\u015bci. W\u015br\u00f3d r\u00f3wie\u015bnik\u00f3w Twoje dziecko atrakcyjnie sp\u0119dza ka\u017cdy dzie\u0144 i kolekcjonuje wspomnienia, a Ty nie musisz martwi\u0107 si\u0119, \u017ce zostaje samo w domu.&nbsp;<\/p>\n\n\n\n<p>Podczas takich warsztat\u00f3w oferujemy starannie zaprojektowane zaj\u0119cia dostosowane do umiej\u0119tno\u015bci, poziomu zaawansowania i wieku uczestnik\u00f3w. Stawiamy przede wszystkim na zabaw\u0119 i czerpanie rado\u015bci ze wsp\u00f3lnie sp\u0119dzanego czasu, rozwijamy kreatywno\u015b\u0107 i uwalniamy tw\u00f3rcz\u0105 energi\u0119, bawimy si\u0119 na \u015bwie\u017cym powietrzu i odwiedzamy ciekawe miejsca. Dzieciom zapewniamy pe\u0142ne wy\u017cywienie i wykwalifikowan\u0105 opiek\u0119.&nbsp;<\/p>\n\n\n\n<h3><strong>Letnie warsztaty w Leonardo School \u2013 doskona\u0142y czas na rozw\u00f3j nowych pasji!<\/strong><\/h3>\n\n\n\n<p>Wykorzystuj\u0105c wakacje na udzia\u0142 w warsztatach tematycznych, Twoje dziecko zyskuje mo\u017cliwo\u015b\u0107:<\/p>\n\n\n\n<ul><li>nawi\u0105zania nowych znajomo\u015bci,<\/li><li>odkrywania swojego potencja\u0142u tw\u00f3rczego i uwalniania go przy u\u017cyciu rozmaitych technik artystycznych \u2013 lepimy z gliny, malujemy, ta\u0144czmy i \u015bpiewamy oraz znajdujemy inne sposoby na to, aby uwolni\u0107 kreatywn\u0105 energi\u0119 drzemi\u0105c\u0105 w ka\u017cdym z nas,<\/li><li>zabawy na \u015bwie\u017cym powietrzu i brania udzia\u0142u w zorganizowanych grach, kt\u00f3re nie tylko bawi\u0105, lecz tak\u017ce przy okazji ucz\u0105 \u2013 stawiamy na kontakt z natur\u0105 i jak najwi\u0119cej czasu sp\u0119dzamy na \u0142onie przyrody,<\/li><li>poznawania nowych miejsc i kolekcjonowania wspomnie\u0144 z radosnych i pe\u0142nych wra\u017ce\u0144 przyg\u00f3d \u2013 odwiedzamy atrakcyjne miejsca na mapie Elbl\u0105ga i okolic,<\/li><li>odkrywania nieznanych dot\u0105d zainteresowa\u0144, kt\u00f3re mog\u0105 przerodzi\u0107 si\u0119 w prawdziw\u0105 pasj\u0119 \u2013 poszerzamy horyzonty, poznajemy nowe obszary i uczymy si\u0119 od siebie nawzajem.<\/li><\/ul>\n\n\n\n<h3><strong>Zapisz swoje dziecko na warsztaty tematyczne w Leonardo School w Elbl\u0105gu!<\/strong><\/h3>\n\n\n\n<p>Postaw na rozw\u00f3j i ciekawe sp\u0119dzanie czasu w wakacje \u2013 zarezerwuj miejsce na wakacyjne warsztaty tematyczne w Elbl\u0105gu i miej pewno\u015b\u0107, \u017ce Twoja pociecha po\u017cytecznie i warto\u015bciowo sp\u0119dzi ten okres. Skontaktuj si\u0119 z nami w celu om\u00f3wienia szczeg\u00f3\u0142\u00f3w \u2013 z ch\u0119ci\u0105 odpowiemy na ka\u017cde pytanie. Co sezon przygotowujemy nowy program zaj\u0119\u0107 na wakacje i ferie \u2013 zapisz swoje dziecko ju\u017c dzi\u015b!<\/p>\n","protected":false},"excerpt":{"rendered":"<p>Warsztaty tematyczne dla dzieci z Leonardo School w Elbl\u0105gu Nie masz pomys\u0142u, jak zorganizowa\u0107 wolny czas Twojego dziecka? Wakacje nie musz\u0105 by\u0107 nudne i bezproduktywne! W Leonardo School w Elbl\u0105gu zadbamy o to, \u017ceby okres bez zaj\u0119\u0107 szkolnych min\u0105\u0142 efektywnie, przyjemnie i przyni\u00f3s\u0142 warto\u015bciowe umiej\u0119tno\u015bci! Zapraszamy na warsztaty letnie i zimowe, podczas kt\u00f3rych dzieci sp\u0119dzaj\u0105 [&hellip;]<\/p>\n","protected":false},"author":1,"featured_media":0,"parent":0,"menu_order":0,"comment_status":"closed","ping_status":"closed","template":"","meta":{"ngg_post_thumbnail":0},"acf":[],"yoast_head":"<!-- This site is optimized with the Yoast SEO plugin v19.3 - https:\/\/yoast.com\/wordpress\/plugins\/seo\/ -->\n<title>Warsztaty j\u0119zykowe w Elbl\u0105gu - Leonardo School<\/title>\n<meta name=\"robots\" content=\"index, follow, max-snippet:-1, max-image-preview:large, max-video-preview:-1\" \/>\n<link rel=\"canonical\" href=\"https:\/\/leonardoschool.pl\/elblag\/warsztaty-jezykowe\/\" \/>\n<meta property=\"og:locale\" content=\"pl_PL\" \/>\n<meta property=\"og:type\" content=\"article\" \/>\n<meta property=\"og:title\" content=\"Warsztaty j\u0119zykowe w Elbl\u0105gu - Leonardo School\" \/>\n<meta property=\"og:description\" content=\"Warsztaty tematyczne dla dzieci z Leonardo School w Elbl\u0105gu Nie masz pomys\u0142u, jak zorganizowa\u0107 wolny czas Twojego dziecka? Wakacje nie musz\u0105 by\u0107 nudne i bezproduktywne! W Leonardo School w Elbl\u0105gu zadbamy o to, \u017ceby okres bez zaj\u0119\u0107 szkolnych min\u0105\u0142 efektywnie, przyjemnie i przyni\u00f3s\u0142 warto\u015bciowe umiej\u0119tno\u015bci! Zapraszamy na warsztaty letnie i zimowe, podczas kt\u00f3rych dzieci sp\u0119dzaj\u0105 [&hellip;]\" \/>\n<meta property=\"og:url\" content=\"https:\/\/leonardoschool.pl\/elblag\/warsztaty-jezykowe\/\" \/>\n<meta property=\"og:site_name\" content=\"w Elbl\u0105gu - Leonardo School\" \/>\n<meta property=\"article:modified_time\" content=\"2022-07-25T09:51:24+00:00\" \/>\n<meta name=\"twitter:card\" content=\"summary_large_image\" \/>\n<meta name=\"twitter:label1\" content=\"Szacowany czas czytania\" \/>\n\t<meta name=\"twitter:data1\" content=\"3 minuty\" \/>\n<script type=\"application\/ld+json\" class=\"yoast-schema-graph\">{\"@context\":\"https:\/\/schema.org\",\"@graph\":[{\"@type\":\"Organization\",\"@id\":\"https:\/\/leonardoschool.pl\/elblag\/#organization\",\"name\":\"Leonardo School\",\"url\":\"https:\/\/leonardoschool.pl\/elblag\/\",\"sameAs\":[],\"logo\":{\"@type\":\"ImageObject\",\"inLanguage\":\"pl-PL\",\"@id\":\"https:\/\/leonardoschool.pl\/elblag\/#\/schema\/logo\/image\/\",\"url\":\"https:\/\/leonardoschool.sellision.dev\/elblag\/wp-content\/uploads\/sites\/29\/2022\/07\/leonardo-logo.png\",\"contentUrl\":\"https:\/\/leonardoschool.sellision.dev\/elblag\/wp-content\/uploads\/sites\/29\/2022\/07\/leonardo-logo.png\",\"width\":138,\"height\":59,\"caption\":\"Leonardo School\"},\"image\":{\"@id\":\"https:\/\/leonardoschool.pl\/elblag\/#\/schema\/logo\/image\/\"}},{\"@type\":\"WebSite\",\"@id\":\"https:\/\/leonardoschool.pl\/elblag\/#website\",\"url\":\"https:\/\/leonardoschool.pl\/elblag\/\",\"name\":\"w Elbl\u0105gu - Leonardo School\",\"description\":\"\",\"publisher\":{\"@id\":\"https:\/\/leonardoschool.pl\/elblag\/#organization\"},\"potentialAction\":[{\"@type\":\"SearchAction\",\"target\":{\"@type\":\"EntryPoint\",\"urlTemplate\":\"https:\/\/leonardoschool.pl\/elblag\/?s={search_term_string}\"},\"query-input\":\"required name=search_term_string\"}],\"inLanguage\":\"pl-PL\"},{\"@type\":\"WebPage\",\"@id\":\"https:\/\/leonardoschool.pl\/elblag\/warsztaty-jezykowe\/\",\"url\":\"https:\/\/leonardoschool.pl\/elblag\/warsztaty-jezykowe\/\",\"name\":\"Warsztaty j\u0119zykowe w Elbl\u0105gu - Leonardo School\",\"isPartOf\":{\"@id\":\"https:\/\/leonardoschool.pl\/elblag\/#website\"},\"datePublished\":\"2022-07-25T09:51:22+00:00\",\"dateModified\":\"2022-07-25T09:51:24+00:00\",\"breadcrumb\":{\"@id\":\"https:\/\/leonardoschool.pl\/elblag\/warsztaty-jezykowe\/#breadcrumb\"},\"inLanguage\":\"pl-PL\",\"potentialAction\":[{\"@type\":\"ReadAction\",\"target\":[\"https:\/\/leonardoschool.pl\/elblag\/warsztaty-jezykowe\/\"]}]},{\"@type\":\"BreadcrumbList\",\"@id\":\"https:\/\/leonardoschool.pl\/elblag\/warsztaty-jezykowe\/#breadcrumb\",\"itemListElement\":[{\"@type\":\"ListItem\",\"position\":1,\"name\":\"Strona g\u0142\u00f3wna\",\"item\":\"https:\/\/leonardoschool.pl\/elblag\/\"},{\"@type\":\"ListItem\",\"position\":2,\"name\":\"Warsztaty j\u0119zykowe\"}]}]}<\/script>\n<!-- \/ Yoast SEO plugin. -->","yoast_head_json":{"title":"Warsztaty j\u0119zykowe w Elbl\u0105gu - Leonardo School","robots":{"index":"index","follow":"follow","max-snippet":"max-snippet:-1","max-image-preview":"max-image-preview:large","max-video-preview":"max-video-preview:-1"},"canonical":"https:\/\/leonardoschool.pl\/elblag\/warsztaty-jezykowe\/","og_locale":"pl_PL","og_type":"article","og_title":"Warsztaty j\u0119zykowe w Elbl\u0105gu - Leonardo School","og_description":"Warsztaty tematyczne dla dzieci z Leonardo School w Elbl\u0105gu Nie masz pomys\u0142u, jak zorganizowa\u0107 wolny czas Twojego dziecka? Wakacje nie musz\u0105 by\u0107 nudne i bezproduktywne! W Leonardo School w Elbl\u0105gu zadbamy o to, \u017ceby okres bez zaj\u0119\u0107 szkolnych min\u0105\u0142 efektywnie, przyjemnie i przyni\u00f3s\u0142 warto\u015bciowe umiej\u0119tno\u015bci! Zapraszamy na warsztaty letnie i zimowe, podczas kt\u00f3rych dzieci sp\u0119dzaj\u0105 [&hellip;]","og_url":"https:\/\/leonardoschool.pl\/elblag\/warsztaty-jezykowe\/","og_site_name":"w Elbl\u0105gu - Leonardo School","article_modified_time":"2022-07-25T09:51:24+00:00","twitter_card":"summary_large_image","twitter_misc":{"Szacowany czas czytania":"3 minuty"},"schema":{"@context":"https:\/\/schema.org","@graph":[{"@type":"Organization","@id":"https:\/\/leonardoschool.pl\/elblag\/#organization","name":"Leonardo School","url":"https:\/\/leonardoschool.pl\/elblag\/","sameAs":[],"logo":{"@type":"ImageObject","inLanguage":"pl-PL","@id":"https:\/\/leonardoschool.pl\/elblag\/#\/schema\/logo\/image\/","url":"https:\/\/leonardoschool.sellision.dev\/elblag\/wp-content\/uploads\/sites\/29\/2022\/07\/leonardo-logo.png","contentUrl":"https:\/\/leonardoschool.sellision.dev\/elblag\/wp-content\/uploads\/sites\/29\/2022\/07\/leonardo-logo.png","width":138,"height":59,"caption":"Leonardo School"},"image":{"@id":"https:\/\/leonardoschool.pl\/elblag\/#\/schema\/logo\/image\/"}},{"@type":"WebSite","@id":"https:\/\/leonardoschool.pl\/elblag\/#website","url":"https:\/\/leonardoschool.pl\/elblag\/","name":"w Elbl\u0105gu - Leonardo School","description":"","publisher":{"@id":"https:\/\/leonardoschool.pl\/elblag\/#organization"},"potentialAction":[{"@type":"SearchAction","target":{"@type":"EntryPoint","urlTemplate":"https:\/\/leonardoschool.pl\/elblag\/?s={search_term_string}"},"query-input":"required name=search_term_string"}],"inLanguage":"pl-PL"},{"@type":"WebPage","@id":"https:\/\/leonardoschool.pl\/elblag\/warsztaty-jezykowe\/","url":"https:\/\/leonardoschool.pl\/elblag\/warsztaty-jezykowe\/","name":"Warsztaty j\u0119zykowe w Elbl\u0105gu - Leonardo School","isPartOf":{"@id":"https:\/\/leonardoschool.pl\/elblag\/#website"},"datePublished":"2022-07-25T09:51:22+00:00","dateModified":"2022-07-25T09:51:24+00:00","breadcrumb":{"@id":"https:\/\/leonardoschool.pl\/elblag\/warsztaty-jezykowe\/#breadcrumb"},"inLanguage":"pl-PL","potentialAction":[{"@type":"ReadAction","target":["https:\/\/leonardoschool.pl\/elblag\/warsztaty-jezykowe\/"]}]},{"@type":"BreadcrumbList","@id":"https:\/\/leonardoschool.pl\/elblag\/warsztaty-jezykowe\/#breadcrumb","itemListElement":[{"@type":"ListItem","position":1,"name":"Strona g\u0142\u00f3wna","item":"https:\/\/leonardoschool.pl\/elblag\/"},{"@type":"ListItem","position":2,"name":"Warsztaty j\u0119zykowe"}]}]}},"_links":{"self":[{"href":"https:\/\/leonardoschool.pl\/elblag\/wp-json\/wp\/v2\/pages\/2656"}],"collection":[{"href":"https:\/\/leonardoschool.pl\/elblag\/wp-json\/wp\/v2\/pages"}],"about":[{"href":"https:\/\/leonardoschool.pl\/elblag\/wp-json\/wp\/v2\/types\/page"}],"author":[{"embeddable":true,"href":"https:\/\/leonardoschool.pl\/elblag\/wp-json\/wp\/v2\/users\/1"}],"replies":[{"embeddable":true,"href":"https:\/\/leonardoschool.pl\/elblag\/wp-json\/wp\/v2\/comments?post=2656"}],"version-history":[{"count":1,"href":"https:\/\/leonardoschool.pl\/elblag\/wp-json\/wp\/v2\/pages\/2656\/revisions"}],"predecessor-version":[{"id":2657,"href":"https:\/\/leonardoschool.pl\/elblag\/wp-json\/wp\/v2\/pages\/2656\/revisions\/2657"}],"wp:attachment":[{"href":"https:\/\/leonardoschool.pl\/elblag\/wp-json\/wp\/v2\/media?parent=2656"}],"curies":[{"name":"wp","href":"https:\/\/api.w.org\/{rel}","templated":true}]}}